{"id":567,"date":"2025-07-13T13:56:31","date_gmt":"2025-07-13T11:56:31","guid":{"rendered":"https:\/\/adpf.dansemeaux.com\/?page_id=567"},"modified":"2025-07-15T19:33:50","modified_gmt":"2025-07-15T17:33:50","slug":"concours-2024-2025","status":"publish","type":"page","link":"https:\/\/adpf.dansemeaux.com\/index.php\/concours-2024-2025\/","title":{"rendered":"Concours 2024\/2025"},"content":{"rendered":"\n<h1 class=\"wp-block-heading\"><strong>CND internationale \u00e0 Rome<\/strong><\/h1>\n\n\n\n<p>Champions d\u2019Europe pour le duo Kolokol\u2019chiki \u2014 Armance et Tao<\/p>\n\n\n\n<p>Championnes d\u2019Europe pour le duo Daria et Adela \u2014 Angelina et C\u00e9lia<\/p>\n\n\n\n<p>Championnes d\u2019Europe pour le quatuor Les Petits Marins \u2014 Delinda, Lina, Maimiti et Victoria<\/p>\n\n\n\n<p>Vice Championnes d\u2019Europe pour le groupe Holubko \u2014 Armance, Angelina, C\u00e9lia, Julia, Victoria, Sonia et Zo\u00e9<\/p>\n\n\n\n<p><\/p>\n\n\n\n<h1 class=\"wp-block-heading\"><strong>Lagny en Sc\u00e8ne<\/strong><\/h1>\n\n\n\n<p><br>&nbsp;<em>Alissa &amp; In\u00e8s<\/em> \u2013 1\u00e8re m\u00e9daille<br>&nbsp;<em>Freedom<\/em> \u2013 1\u00e8re m\u00e9daille<br>&nbsp;<em>Allo Paris<\/em> \u2013 3\u00e8me m\u00e9daille<br>&nbsp;<em>Sonia &amp; Julia<\/em> \u2013 3\u00e8me m\u00e9daille<\/p>\n\n\n\n<p><\/p>\n\n\n\n<h1 class=\"wp-block-heading\">&nbsp;<strong>Concours CND R\u00e9gional \u00cele-de-France \u2013 Jazz &amp; Contemporain<\/strong><\/h1>\n\n\n\n<p>Contemporain Pr\u00e9paratoire 2C (solo)<br><em>Julia<\/em> \u2013 <strong>1er Prix National<\/strong><br><\/p>\n\n\n\n<p>Jazz \u2013 Solo Cat\u00e9gorie 2<br>\u00a0<em>Delinda<\/em> \u2013 1er prix r\u00e9gional<br>\u00a0<em>Loane &amp; Tha\u00efs<\/em> \u2013 3e prix r\u00e9gional<\/p>\n\n\n\n<p>Jazz \u2013 Groupe Cat\u00e9gorie 2<br>\u00a0<em>Delinda, Loane, Ma\u00efmiti, M\u00e9lodie, Ombeline &amp; Ylona<\/em> \u2013 2e prix r\u00e9gional<\/p>\n\n\n\n<p>Jazz \u2013 Groupe Cat\u00e9gorie 3<br>&nbsp;<em>Alissa, C\u00e9lia, In\u00e8s, Julia, Lilou, Sonia &amp; Zo\u00e9<\/em> \u2013 2e prix r\u00e9gional<\/p>\n\n\n\n<p>Jazz \u2013 Duo<br>&nbsp;<em>Alissa &amp; In\u00e8s<\/em> \u2013 1er prix r\u00e9gional<br>&nbsp;<em>Julia &amp; Sonia<\/em> \u2013 3e prix r\u00e9gional<\/p>\n\n\n\n<p>Jazz \u2013 Solo Cat\u00e9gorie 3 Avanc\u00e9<br>&nbsp;<em>Jade<\/em> \u2013 2e prix r\u00e9gional<\/p>\n\n\n\n<h1 class=\"wp-block-heading\"><strong>Concours CND R\u00e9gional Classique \u2013 12 et 13 avril 2024<\/strong><\/h1>\n\n\n\n<p>Cat\u00e9gorie \u00c9l\u00e9mentaire 1<br><em>Louise<\/em> \u2013 1er prix r\u00e9gional<\/p>\n\n\n\n<p>Cat\u00e9gorie Pr\u00e9paratoire 2<br>&nbsp;<em>Julia<\/em> \u2013 2e prix r\u00e9gional<br><br>&nbsp;<em>Anna, Milla &amp; Kelya<\/em> \u2013 3e prix r\u00e9gional<\/p>\n\n\n\n<p>Cat\u00e9gorie Moyen 1<br>&nbsp;<em>Ma\u00eblys<\/em> \u2013 2e prix r\u00e9gional<\/p>\n\n\n\n<h1 class=\"wp-block-heading\"><strong>Concours National CND \u2013 Clermont-Ferrand \u2013 28 mai 2024<\/strong><\/h1>\n\n\n\n<p>Julia&nbsp;: 1er prix national en contemporain Pr\u00e9paratoire 2C<\/p>\n\n\n\n<p><\/p>\n","protected":false},"excerpt":{"rendered":"<p>CND internationale \u00e0 Rome Champions d\u2019Europe pour le duo Kolokol\u2019chiki \u2014 Armance et Tao Championnes d\u2019Europe pour le duo Daria et Adela \u2014 Angelina et C\u00e9lia Championnes d\u2019Europe pour le quatuor Les Petits Marins \u2014 Delinda, Lina, Maimiti et Victoria Vice Championnes d\u2019Europe pour le groupe Holubko \u2014 Armance, Angelina, C\u00e9lia, Julia, Victoria, Sonia et [&hellip;]<\/p>\n","protected":false},"author":5976,"featured_media":0,"parent":0,"menu_order":0,"comment_status":"closed","ping_status":"closed","template":"","meta":{"footnotes":""},"class_list":["post-567","page","type-page","status-publish","hentry"],"_links":{"self":[{"href":"https:\/\/adpf.dansemeaux.com\/index.php\/wp-json\/wp\/v2\/pages\/567","targetHints":{"allow":["GET"]}}],"collection":[{"href":"https:\/\/adpf.dansemeaux.com\/index.php\/wp-json\/wp\/v2\/pages"}],"about":[{"href":"https:\/\/adpf.dansemeaux.com\/index.php\/wp-json\/wp\/v2\/types\/page"}],"author":[{"embeddable":true,"href":"https:\/\/adpf.dansemeaux.com\/index.php\/wp-json\/wp\/v2\/users\/5976"}],"replies":[{"embeddable":true,"href":"https:\/\/adpf.dansemeaux.com\/index.php\/wp-json\/wp\/v2\/comments?post=567"}],"version-history":[{"count":2,"href":"https:\/\/adpf.dansemeaux.com\/index.php\/wp-json\/wp\/v2\/pages\/567\/revisions"}],"predecessor-version":[{"id":632,"href":"https:\/\/adpf.dansemeaux.com\/index.php\/wp-json\/wp\/v2\/pages\/567\/revisions\/632"}],"wp:attachment":[{"href":"https:\/\/adpf.dansemeaux.com\/index.php\/wp-json\/wp\/v2\/media?parent=567"}],"curies":[{"name":"wp","href":"https:\/\/api.w.org\/{rel}","templated":true}]}}