{"id":515,"date":"2025-06-29T21:46:44","date_gmt":"2025-06-29T19:46:44","guid":{"rendered":"https:\/\/adpf.dansemeaux.com\/?page_id=515"},"modified":"2025-09-15T15:57:36","modified_gmt":"2025-09-15T13:57:36","slug":"concours","status":"publish","type":"page","link":"https:\/\/adpf.dansemeaux.com\/index.php\/concours\/","title":{"rendered":"CONCOURS"},"content":{"rendered":"\n<p>Retrouvez tous les r\u00e9sultats des concours, class\u00e9s par ann\u00e9e.<\/p>\n","protected":false},"excerpt":{"rendered":"<p>Retrouvez tous les r\u00e9sultats des concours, class\u00e9s par ann\u00e9e.<\/p>\n","protected":false},"author":5976,"featured_media":0,"parent":0,"menu_order":0,"comment_status":"closed","ping_status":"closed","template":"","meta":{"_seopress_robots_primary_cat":"","_seopress_titles_title":"","_seopress_titles_desc":"","_seopress_robots_index":"","footnotes":""},"class_list":["post-515","page","type-page","status-publish","hentry"],"_links":{"self":[{"href":"https:\/\/adpf.dansemeaux.com\/index.php\/wp-json\/wp\/v2\/pages\/515","targetHints":{"allow":["GET"]}}],"collection":[{"href":"https:\/\/adpf.dansemeaux.com\/index.php\/wp-json\/wp\/v2\/pages"}],"about":[{"href":"https:\/\/adpf.dansemeaux.com\/index.php\/wp-json\/wp\/v2\/types\/page"}],"author":[{"embeddable":true,"href":"https:\/\/adpf.dansemeaux.com\/index.php\/wp-json\/wp\/v2\/users\/5976"}],"replies":[{"embeddable":true,"href":"https:\/\/adpf.dansemeaux.com\/index.php\/wp-json\/wp\/v2\/comments?post=515"}],"version-history":[{"count":3,"href":"https:\/\/adpf.dansemeaux.com\/index.php\/wp-json\/wp\/v2\/pages\/515\/revisions"}],"predecessor-version":[{"id":739,"href":"https:\/\/adpf.dansemeaux.com\/index.php\/wp-json\/wp\/v2\/pages\/515\/revisions\/739"}],"wp:attachment":[{"href":"https:\/\/adpf.dansemeaux.com\/index.php\/wp-json\/wp\/v2\/media?parent=515"}],"curies":[{"name":"wp","href":"https:\/\/api.w.org\/{rel}","templated":true}]}}