{"id":282,"date":"2024-08-03T22:21:18","date_gmt":"2024-08-03T20:21:18","guid":{"rendered":"https:\/\/adpf.dansemeaux.com\/?page_id=282"},"modified":"2025-06-27T06:18:01","modified_gmt":"2025-06-27T04:18:01","slug":"yoga-et-renforcement-musculaire","status":"publish","type":"page","link":"https:\/\/adpf.dansemeaux.com\/index.php\/yoga-et-renforcement-musculaire\/","title":{"rendered":"Street Jazz"},"content":{"rendered":"\n<p class=\"has-white-color has-vivid-purple-background-color has-text-color has-background has-link-color has-medium-font-size wp-elements-27f8c40766c7fed65c129ace0eedc0f2\">Qu\u2019est ce que le street jazz ?\u00a0<\/p>\n\n\n\n<p><em>Le street Jazz est \u00e0 mi-chemin entre le modern\u2019jazz et les danses urbaines. N\u00e9 aux \u00c9tats-Unis dans les ann\u00e9es 90, le street jazz se danse principalement sur des musiques hip-hop, pop et commerciales<\/em><\/p>\n\n\n\n<p><em>On y travail l\u2019ancrage dans le sol, l\u2019attitude et la musicalit\u00e9 tout en se familiarisant avec vocabulaire qui lui est propre.<\/em><\/p>\n\n\n\n<p class=\"has-white-color has-vivid-purple-background-color has-text-color has-background has-link-color has-medium-font-size wp-elements-70f30bf3011a7d497b9e2396a06e2268\">A qui s\u2019adresse le street jazz ?\u00a0<\/p>\n\n\n\n<p>A partir de 9 ans, filles et gar\u00e7ons, enfants, ados et adultes sont les bienvenus !<br><\/p>\n\n\n\n<p class=\"has-white-color has-vivid-purple-background-color has-text-color has-background has-link-color has-medium-font-size wp-elements-683f445a8c48d758de16cd2151fcb1ad\">Quand sont les cours ?&nbsp;<\/p>\n\n\n\n<p><strong>\u2022 Mercredi<\/strong> : 2 cours selon planning<\/p>\n\n\n\n<p><\/p>\n\n\n\n<p><\/p>\n","protected":false},"excerpt":{"rendered":"<p>Qu\u2019est ce que le street jazz ?\u00a0 Le street Jazz est \u00e0 mi-chemin entre le modern\u2019jazz et les danses urbaines. N\u00e9 aux \u00c9tats-Unis dans les ann\u00e9es 90, le street jazz se danse principalement sur des musiques hip-hop, pop et commerciales On y travail l\u2019ancrage dans le sol, l\u2019attitude et la musicalit\u00e9 tout en se familiarisant [&hellip;]<\/p>\n","protected":false},"author":2,"featured_media":0,"parent":0,"menu_order":0,"comment_status":"closed","ping_status":"closed","template":"","meta":{"_seopress_robots_primary_cat":"","_seopress_titles_title":"","_seopress_titles_desc":"","_seopress_robots_index":"","footnotes":""},"class_list":["post-282","page","type-page","status-publish","hentry"],"_links":{"self":[{"href":"https:\/\/adpf.dansemeaux.com\/index.php\/wp-json\/wp\/v2\/pages\/282","targetHints":{"allow":["GET"]}}],"collection":[{"href":"https:\/\/adpf.dansemeaux.com\/index.php\/wp-json\/wp\/v2\/pages"}],"about":[{"href":"https:\/\/adpf.dansemeaux.com\/index.php\/wp-json\/wp\/v2\/types\/page"}],"author":[{"embeddable":true,"href":"https:\/\/adpf.dansemeaux.com\/index.php\/wp-json\/wp\/v2\/users\/2"}],"replies":[{"embeddable":true,"href":"https:\/\/adpf.dansemeaux.com\/index.php\/wp-json\/wp\/v2\/comments?post=282"}],"version-history":[{"count":10,"href":"https:\/\/adpf.dansemeaux.com\/index.php\/wp-json\/wp\/v2\/pages\/282\/revisions"}],"predecessor-version":[{"id":499,"href":"https:\/\/adpf.dansemeaux.com\/index.php\/wp-json\/wp\/v2\/pages\/282\/revisions\/499"}],"wp:attachment":[{"href":"https:\/\/adpf.dansemeaux.com\/index.php\/wp-json\/wp\/v2\/media?parent=282"}],"curies":[{"name":"wp","href":"https:\/\/api.w.org\/{rel}","templated":true}]}}

<p class="has-white-color has-vivid-purple-background-color has-text-color has-background has-link-color has-medium-font-size wp-elements-27f8c40766c7fed65c129ace0eedc0f2">Qu’est ce que le street jazz ? </p>



<p><em>Le street Jazz est à mi-chemin entre le modern’jazz et les danses urbaines. Né aux États-Unis dans les années 90, le street jazz se danse principalement sur des musiques hip-hop, pop et commerciales</em></p>



<p><em>On y travail l’ancrage dans le sol, l’attitude et la musicalité tout en se familiarisant avec vocabulaire qui lui est propre.</em></p>



<p class="has-white-color has-vivid-purple-background-color has-text-color has-background has-link-color has-medium-font-size wp-elements-70f30bf3011a7d497b9e2396a06e2268">A qui s’adresse le street jazz ? </p>



<p>A partir de 9 ans, filles et garçons, enfants, ados et adultes sont les bienvenus !<br></p>



<p class="has-white-color has-vivid-purple-background-color has-text-color has-background has-link-color has-medium-font-size wp-elements-683f445a8c48d758de16cd2151fcb1ad">Quand sont les cours ?&nbsp;</p>



<p><strong>• Mercredi</strong> : 2 cours selon planning</p>



<p></p>



<p></p>

<p>Qu’est ce que le street jazz ?  Le street Jazz est à mi-chemin entre le modern’jazz et les danses urbaines. Né aux États-Unis dans les années 90, le street jazz se danse principalement sur des musiques hip-hop, pop et commerciales On y travail l’ancrage dans le sol, l’attitude et la musicalité tout en se familiarisant [&hellip;]</p>
