{"id":28,"date":"2023-09-08T18:39:01","date_gmt":"2023-09-08T16:39:01","guid":{"rendered":"https:\/\/adpf.dansemeaux.com\/?page_id=28"},"modified":"2025-09-01T11:01:38","modified_gmt":"2025-09-01T09:01:38","slug":"danse-classique","status":"publish","type":"page","link":"https:\/\/adpf.dansemeaux.com\/index.php\/danse-classique\/","title":{"rendered":"Danse Classique"},"content":{"rendered":"<div class=\"wp-block-image\">\n<figure class=\"alignright size-large is-resized\"><img alt=\"\" loading=\"lazy\" decoding=\"async\" width=\"1024\" height=\"724\" src=\"https:\/\/adpf.dansemeaux.com\/wp-content\/uploads\/2025\/07\/556A4737-1024x724.jpg\" alt=\"\" class=\"wp-image-593\" style=\"width:273px;height:auto\" srcset=\"https:\/\/adpf.dansemeaux.com\/wp-content\/uploads\/2025\/07\/556A4737-1024x724.jpg 1024w, https:\/\/adpf.dansemeaux.com\/wp-content\/uploads\/2025\/07\/556A4737-300x212.jpg 300w, https:\/\/adpf.dansemeaux.com\/wp-content\/uploads\/2025\/07\/556A4737-768x543.jpg 768w, https:\/\/adpf.dansemeaux.com\/wp-content\/uploads\/2025\/07\/556A4737-1536x1086.jpg 1536w, https:\/\/adpf.dansemeaux.com\/wp-content\/uploads\/2025\/07\/556A4737.jpg 1948w\" sizes=\"auto, (max-width: 1024px) 100vw, 1024px\" \/><figcaption class=\"wp-element-caption\">Cr\u00e9dit photo : Henri Bontemps<\/figcaption><\/figure>\n<\/div>\n\n\n<figure class=\"wp-block-image size-large is-resized\"><img alt=\"\" loading=\"lazy\" decoding=\"async\" width=\"1024\" height=\"726\" src=\"https:\/\/adpf.dansemeaux.com\/wp-content\/uploads\/2025\/07\/556A3374-1024x726.jpg\" alt=\"\" class=\"wp-image-592\" style=\"width:299px;height:auto\" srcset=\"https:\/\/adpf.dansemeaux.com\/wp-content\/uploads\/2025\/07\/556A3374-1024x726.jpg 1024w, https:\/\/adpf.dansemeaux.com\/wp-content\/uploads\/2025\/07\/556A3374-300x213.jpg 300w, https:\/\/adpf.dansemeaux.com\/wp-content\/uploads\/2025\/07\/556A3374-768x544.jpg 768w, https:\/\/adpf.dansemeaux.com\/wp-content\/uploads\/2025\/07\/556A3374-1536x1089.jpg 1536w, https:\/\/adpf.dansemeaux.com\/wp-content\/uploads\/2025\/07\/556A3374-2048x1452.jpg 2048w\" sizes=\"auto, (max-width: 1024px) 100vw, 1024px\" \/><\/figure>\n\n\n\n<p class=\"has-white-color has-pale-cyan-blue-background-color has-text-color has-background has-medium-font-size\">Qu&rsquo;est ce que la Danse Classique ?&nbsp;<\/p>\n\n\n\n<p>C\u2019est la gr\u00e2ce, la l\u00e9g\u00e8ret\u00e9, l\u2019\u00e9l\u00e9vation, c\u2019est aussi une formation de base exigeante, une discipline rigoureuse mais irrempla\u00e7able. C\u2019est le solf\u00e8ge de la danse. La ma\u00eetrise de la danse classique requiert travail, concentration, volont\u00e9, effort et surtout passion.<\/p>\n\n\n\n<p class=\"has-white-color has-pale-cyan-blue-background-color has-text-color has-background has-medium-font-size\">Pour qui s&rsquo;adresse la Danse Classique ?&nbsp;<\/p>\n\n\n\n<p>A partir de 8 ans, filles et gar\u00e7ons sont les bienvenus !&nbsp;<\/p>\n\n\n\n<p class=\"has-white-color has-pale-cyan-blue-background-color has-text-color has-background has-medium-font-size\">Quand sont les cours ?&nbsp;<\/p>\n\n\n\n<p>Voir la page planning <a href=\"https:\/\/adpf.dansemeaux.com\/index.php\/le-planning\/\"><mark style=\"background-color:rgba(0, 0, 0, 0)\" class=\"has-inline-color has-black-color\">https:\/\/adpf.dansemeaux.com\/index.php\/le-planning\/<\/mark><\/a><\/p>\n\n\n\n<p><\/p>\n","protected":false},"excerpt":{"rendered":"<p>Qu&rsquo;est ce que la Danse Classique ?&nbsp; C\u2019est la gr\u00e2ce, la l\u00e9g\u00e8ret\u00e9, l\u2019\u00e9l\u00e9vation, c\u2019est aussi une formation de base exigeante, une discipline rigoureuse mais irrempla\u00e7able. C\u2019est le solf\u00e8ge de la danse. La ma\u00eetrise de la danse classique requiert travail, concentration, volont\u00e9, effort et surtout passion. Pour qui s&rsquo;adresse la Danse Classique ?&nbsp; A partir de [&hellip;]<\/p>\n","protected":false},"author":2,"featured_media":0,"parent":0,"menu_order":0,"comment_status":"closed","ping_status":"closed","template":"","meta":{"_seopress_robots_primary_cat":"","_seopress_titles_title":"","_seopress_titles_desc":"","_seopress_robots_index":"","footnotes":""},"class_list":["post-28","page","type-page","status-publish","hentry"],"_links":{"self":[{"href":"https:\/\/adpf.dansemeaux.com\/index.php\/wp-json\/wp\/v2\/pages\/28","targetHints":{"allow":["GET"]}}],"collection":[{"href":"https:\/\/adpf.dansemeaux.com\/index.php\/wp-json\/wp\/v2\/pages"}],"about":[{"href":"https:\/\/adpf.dansemeaux.com\/index.php\/wp-json\/wp\/v2\/types\/page"}],"author":[{"embeddable":true,"href":"https:\/\/adpf.dansemeaux.com\/index.php\/wp-json\/wp\/v2\/users\/2"}],"replies":[{"embeddable":true,"href":"https:\/\/adpf.dansemeaux.com\/index.php\/wp-json\/wp\/v2\/comments?post=28"}],"version-history":[{"count":15,"href":"https:\/\/adpf.dansemeaux.com\/index.php\/wp-json\/wp\/v2\/pages\/28\/revisions"}],"predecessor-version":[{"id":709,"href":"https:\/\/adpf.dansemeaux.com\/index.php\/wp-json\/wp\/v2\/pages\/28\/revisions\/709"}],"wp:attachment":[{"href":"https:\/\/adpf.dansemeaux.com\/index.php\/wp-json\/wp\/v2\/media?parent=28"}],"curies":[{"name":"wp","href":"https:\/\/api.w.org\/{rel}","templated":true}]}}