{"id":26,"date":"2023-09-08T18:39:01","date_gmt":"2023-09-08T16:39:01","guid":{"rendered":"https:\/\/adpf.dansemeaux.com\/?page_id=26"},"modified":"2025-09-01T11:02:16","modified_gmt":"2025-09-01T09:02:16","slug":"danse-modernjazz","status":"publish","type":"page","link":"https:\/\/adpf.dansemeaux.com\/index.php\/danse-modernjazz\/","title":{"rendered":"Danse Modern&rsquo;Jazz"},"content":{"rendered":"<div class=\"wp-block-image\">\n<figure class=\"alignright size-large is-resized\"><img loading=\"lazy\" decoding=\"async\" width=\"1024\" height=\"724\" src=\"https:\/\/adpf.dansemeaux.com\/wp-content\/uploads\/2025\/07\/556A4832-1024x724.jpg\" alt=\"\" class=\"wp-image-590\" style=\"width:481px;height:auto\" srcset=\"https:\/\/adpf.dansemeaux.com\/wp-content\/uploads\/2025\/07\/556A4832-1024x724.jpg 1024w, https:\/\/adpf.dansemeaux.com\/wp-content\/uploads\/2025\/07\/556A4832-300x212.jpg 300w, https:\/\/adpf.dansemeaux.com\/wp-content\/uploads\/2025\/07\/556A4832-768x543.jpg 768w, https:\/\/adpf.dansemeaux.com\/wp-content\/uploads\/2025\/07\/556A4832-1536x1086.jpg 1536w, https:\/\/adpf.dansemeaux.com\/wp-content\/uploads\/2025\/07\/556A4832-2048x1448.jpg 2048w\" sizes=\"auto, (max-width: 1024px) 100vw, 1024px\" \/><\/figure>\n<\/div>\n\n\n<figure class=\"wp-block-image size-large is-resized\"><img loading=\"lazy\" decoding=\"async\" width=\"737\" height=\"1024\" src=\"https:\/\/adpf.dansemeaux.com\/wp-content\/uploads\/2025\/07\/556A3322-1-737x1024.jpg\" alt=\"\" class=\"wp-image-587\" style=\"width:286px;height:auto\" srcset=\"https:\/\/adpf.dansemeaux.com\/wp-content\/uploads\/2025\/07\/556A3322-1-737x1024.jpg 737w, https:\/\/adpf.dansemeaux.com\/wp-content\/uploads\/2025\/07\/556A3322-1-216x300.jpg 216w, https:\/\/adpf.dansemeaux.com\/wp-content\/uploads\/2025\/07\/556A3322-1-768x1068.jpg 768w, https:\/\/adpf.dansemeaux.com\/wp-content\/uploads\/2025\/07\/556A3322-1-1105x1536.jpg 1105w, https:\/\/adpf.dansemeaux.com\/wp-content\/uploads\/2025\/07\/556A3322-1.jpg 1351w\" sizes=\"auto, (max-width: 737px) 100vw, 737px\" \/><\/figure>\n\n\n<div class=\"wp-block-image\">\n<figure class=\"aligncenter size-large is-resized\"><img loading=\"lazy\" decoding=\"async\" width=\"1024\" height=\"725\" src=\"https:\/\/adpf.dansemeaux.com\/wp-content\/uploads\/2025\/07\/556A3552-2-1024x725.jpg\" alt=\"\" class=\"wp-image-589\" style=\"width:501px;height:auto\" srcset=\"https:\/\/adpf.dansemeaux.com\/wp-content\/uploads\/2025\/07\/556A3552-2-1024x725.jpg 1024w, https:\/\/adpf.dansemeaux.com\/wp-content\/uploads\/2025\/07\/556A3552-2-300x212.jpg 300w, https:\/\/adpf.dansemeaux.com\/wp-content\/uploads\/2025\/07\/556A3552-2-768x543.jpg 768w, https:\/\/adpf.dansemeaux.com\/wp-content\/uploads\/2025\/07\/556A3552-2-1536x1087.jpg 1536w, https:\/\/adpf.dansemeaux.com\/wp-content\/uploads\/2025\/07\/556A3552-2.jpg 1912w\" sizes=\"auto, (max-width: 1024px) 100vw, 1024px\" \/><figcaption class=\"wp-element-caption\">Cr\u00e9dit photo : Henri Bontemps<\/figcaption><\/figure>\n<\/div>\n\n\n<p class=\"has-white-color has-text-color has-background has-medium-font-size\" style=\"background-color:#f8700f9c\">Qu&rsquo;est ce que la Danse Modern&rsquo;Jazz ?&nbsp;<\/p>\n\n\n\n<p>N\u00e9e de la synth\u00e8se des danses rituelles africaines avec les danses europ\u00e9ennes, fa\u00e7onn\u00e9e de nombreuses influences am\u00e9ricaines, la danse jazz se laisse difficilement emprisonner dans une d\u00e9finition. Les hanches, le ventre et la poitrine entrent en action autant que les jambes. \u00ab\u2009Soul dance (\u2009la danse de l\u2019\u00e2me\u2009)\u2009\u00bb, \u00ab\u2009free style\u2009\u00bb, danser jazz c\u2019est pouvoir exprimer une sensibilit\u00e9 li\u00e9e au rythme de son corps, de celui des autres et de la musique.&nbsp;<\/p>\n\n\n\n<p>Ce qui est int\u00e9ressant dans le Jazz, c est le travail sur l&rsquo;\u00e9nergie, les rythmes syncop\u00e9s, les arr\u00eats, les silences, la dynamique et la surprise, tout en favorisant le feeling.&nbsp;<\/p>\n\n\n\n<p class=\"has-white-color has-text-color has-background has-medium-font-size\" style=\"background-color:#f8700f9c\">A qui s&rsquo;adresse la Danse Modern&rsquo;Jazz ?&nbsp;<\/p>\n\n\n\n<p>Pour petits et grands \u00e0 partir de 8 ans, quel que soit votre niveau ou votre \u00e2ge, vous \u00eates les bienvenus.&nbsp;<\/p>\n\n\n\n<p class=\"has-white-color has-text-color has-background has-medium-font-size\" style=\"background-color:#f8700f9c\">Quand sont les cours ?&nbsp;<\/p>\n\n\n\n<p>Voir la page planning <a href=\"https:\/\/adpf.dansemeaux.com\/index.php\/le-planning\/\"><mark style=\"background-color:rgba(0, 0, 0, 0)\" class=\"has-inline-color has-black-color\">https:\/\/adpf.dansemeaux.com\/index.php\/le-planning\/<\/mark><\/a><\/p>\n\n\n\n<p><\/p>\n","protected":false},"excerpt":{"rendered":"<p>Qu&rsquo;est ce que la Danse Modern&rsquo;Jazz ?&nbsp; N\u00e9e de la synth\u00e8se des danses rituelles africaines avec les danses europ\u00e9ennes, fa\u00e7onn\u00e9e de nombreuses influences am\u00e9ricaines, la danse jazz se laisse difficilement emprisonner dans une d\u00e9finition. Les hanches, le ventre et la poitrine entrent en action autant que les jambes. \u00ab\u2009Soul dance (\u2009la danse de l\u2019\u00e2me\u2009)\u2009\u00bb, \u00ab\u2009free [&hellip;]<\/p>\n","protected":false},"author":2,"featured_media":0,"parent":0,"menu_order":0,"comment_status":"closed","ping_status":"closed","template":"","meta":{"footnotes":""},"class_list":["post-26","page","type-page","status-publish","hentry"],"_links":{"self":[{"href":"https:\/\/adpf.dansemeaux.com\/index.php\/wp-json\/wp\/v2\/pages\/26","targetHints":{"allow":["GET"]}}],"collection":[{"href":"https:\/\/adpf.dansemeaux.com\/index.php\/wp-json\/wp\/v2\/pages"}],"about":[{"href":"https:\/\/adpf.dansemeaux.com\/index.php\/wp-json\/wp\/v2\/types\/page"}],"author":[{"embeddable":true,"href":"https:\/\/adpf.dansemeaux.com\/index.php\/wp-json\/wp\/v2\/users\/2"}],"replies":[{"embeddable":true,"href":"https:\/\/adpf.dansemeaux.com\/index.php\/wp-json\/wp\/v2\/comments?post=26"}],"version-history":[{"count":11,"href":"https:\/\/adpf.dansemeaux.com\/index.php\/wp-json\/wp\/v2\/pages\/26\/revisions"}],"predecessor-version":[{"id":710,"href":"https:\/\/adpf.dansemeaux.com\/index.php\/wp-json\/wp\/v2\/pages\/26\/revisions\/710"}],"wp:attachment":[{"href":"https:\/\/adpf.dansemeaux.com\/index.php\/wp-json\/wp\/v2\/media?parent=26"}],"curies":[{"name":"wp","href":"https:\/\/api.w.org\/{rel}","templated":true}]}}