{"id":232,"date":"2024-06-08T22:12:57","date_gmt":"2024-06-08T20:12:57","guid":{"rendered":"https:\/\/adpf.dansemeaux.com\/?page_id=232"},"modified":"2025-09-20T09:03:31","modified_gmt":"2025-09-20T07:03:31","slug":"les-tenues","status":"publish","type":"page","link":"https:\/\/adpf.dansemeaux.com\/index.php\/les-tenues\/","title":{"rendered":"Les tenues et les coiffures"},"content":{"rendered":"\n<p class=\"has-white-color has-light-green-cyan-background-color has-text-color has-background has-link-color has-medium-font-size wp-elements-48f9c4b666488a69f38fc644cac6575a\">Les tenues<\/p>\n\n\n\n<figure class=\"wp-block-gallery has-nested-images columns-default is-cropped wp-block-gallery-1 is-layout-flex wp-block-gallery-is-layout-flex\">\n<figure class=\"wp-block-image size-large\"><img alt=\"\" loading=\"lazy\" decoding=\"async\" width=\"1024\" height=\"724\" data-id=\"616\" src=\"https:\/\/adpf.dansemeaux.com\/wp-content\/uploads\/2025\/07\/TENUES-2025-2026-sans-jupette-1024x724.png\" alt=\"\" class=\"wp-image-616\" srcset=\"https:\/\/adpf.dansemeaux.com\/wp-content\/uploads\/2025\/07\/TENUES-2025-2026-sans-jupette-1024x724.png 1024w, https:\/\/adpf.dansemeaux.com\/wp-content\/uploads\/2025\/07\/TENUES-2025-2026-sans-jupette-300x212.png 300w, https:\/\/adpf.dansemeaux.com\/wp-content\/uploads\/2025\/07\/TENUES-2025-2026-sans-jupette-768x543.png 768w, https:\/\/adpf.dansemeaux.com\/wp-content\/uploads\/2025\/07\/TENUES-2025-2026-sans-jupette-1536x1086.png 1536w, https:\/\/adpf.dansemeaux.com\/wp-content\/uploads\/2025\/07\/TENUES-2025-2026-sans-jupette.png 2000w\" sizes=\"auto, (max-width: 1024px) 100vw, 1024px\" \/><\/figure>\n<\/figure>\n\n\n\n<p>Pour les \u00e9l\u00e8ves poss\u00e9dant un justaucorps avec jupette int\u00e9gr\u00e9e, celui-ci convient.<\/p>\n\n\n\n<p>Pour les cours des moyens et des avanc\u00e9s, la couleur du justaucorps est laiss\u00e9e libre mais la tenue doit \u00eatre appropri\u00e9e \u00e0 la discipline et en accord avec les demandes du professeur.<\/p>\n\n\n\n<p>Retrouvez ci-dessous les bons de commandes :<\/p>\n\n\n\n<ul class=\"wp-block-list\">\n<li>Eveil, initiation et classique : <\/li>\n<\/ul>\n\n\n\n<div class=\"wp-block-buttons is-layout-flex wp-block-buttons-is-layout-flex\">\n<div class=\"wp-block-button\"><a class=\"wp-block-button__link wp-element-button\" href=\"http:\/\/adpf.dansemeaux.com\/wp-content\/uploads\/2025\/09\/FICHE-EVEIL-INIT-CLASSIQUE-1-1.pdf\">bon de commande 1<\/a><\/div>\n<\/div>\n\n\n\n<ul class=\"wp-block-list\">\n<li>Jazz et contemporain : <\/li>\n<\/ul>\n\n\n\n<div class=\"wp-block-buttons is-layout-flex wp-block-buttons-is-layout-flex\">\n<div class=\"wp-block-button\"><a class=\"wp-block-button__link wp-element-button\" href=\"http:\/\/adpf.dansemeaux.com\/wp-content\/uploads\/2025\/09\/FICHE-JAZZ-CONTEMPORAIN-1.pdf\">bon de commande 2<\/a><\/div>\n<\/div>\n\n\n\n<p>Pour le street jazz, pas de tenue ni de couleur sp\u00e9cifique. Les \u00e9l\u00e8ves peuvent \u00eatre en short\/jogging et tee-shirt. Seules des baskets blanches avec semelles blanches (d\u00e9di\u00e9es aux cours) sont demand\u00e9es.<\/p>\n\n\n\n<p>Pour la com\u00e9die musicale, une tenue confortable (celle des autres cours ou comme pour le street jazz) est conseill\u00e9e.<\/p>\n\n\n\n<p class=\"has-white-color has-light-green-cyan-background-color has-text-color has-background has-link-color has-medium-font-size wp-elements-684b6b0f6775fd20a656c06ec2a77e94\">Les coiffures<\/p>\n\n\n\n<p>Quelque soit la discipline, les cheveux doivent \u00eatre attach\u00e9s.<\/p>\n\n\n\n<div class=\"wp-block-group\"><div class=\"wp-block-group__inner-container is-layout-constrained wp-block-group-is-layout-constrained\">\n<p><strong>En \u00e9veil, initiation et classique<\/strong> : si la longueur et la nature des cheveux le permet, le chignon est la coiffure attendue dans les cours. Afin que celui-ci tienne, nous vous recommandons l&rsquo;utilisation d&rsquo;un filet (assorti \u00e0 la couleur des cheveux) et de pinces \u00e0 chignons. Ne pas h\u00e9siter non plus \u00e0 fixer les petits cheveux parfois rebelles \u00e0 l&rsquo;aide de pinces \u00e0 cheveux.<\/p>\n<\/div><\/div>\n\n\n\n<div class=\"wp-block-group\"><div class=\"wp-block-group__inner-container is-layout-constrained wp-block-group-is-layout-constrained\">\n<div class=\"wp-block-group\"><div class=\"wp-block-group__inner-container is-layout-constrained wp-block-group-is-layout-constrained\">\n<figure class=\"wp-block-gallery has-nested-images columns-default is-cropped wp-block-gallery-2 is-layout-flex wp-block-gallery-is-layout-flex\">\n<figure class=\"wp-block-image size-large is-style-rounded\"><img alt=\"\" loading=\"lazy\" decoding=\"async\" width=\"980\" height=\"780\" data-id=\"327\" src=\"https:\/\/adpf.dansemeaux.com\/wp-content\/uploads\/2024\/08\/chignon.png\" alt=\"\" class=\"wp-image-327\" srcset=\"https:\/\/adpf.dansemeaux.com\/wp-content\/uploads\/2024\/08\/chignon.png 980w, https:\/\/adpf.dansemeaux.com\/wp-content\/uploads\/2024\/08\/chignon-300x239.png 300w, https:\/\/adpf.dansemeaux.com\/wp-content\/uploads\/2024\/08\/chignon-768x611.png 768w\" sizes=\"auto, (max-width: 980px) 100vw, 980px\" \/><\/figure>\n\n\n\n<figure class=\"wp-block-image size-large is-style-rounded\"><img alt=\"\" loading=\"lazy\" decoding=\"async\" width=\"969\" height=\"969\" data-id=\"325\" src=\"https:\/\/adpf.dansemeaux.com\/wp-content\/uploads\/2024\/08\/kit-chignon.jpg\" alt=\"\" class=\"wp-image-325\" srcset=\"https:\/\/adpf.dansemeaux.com\/wp-content\/uploads\/2024\/08\/kit-chignon.jpg 969w, https:\/\/adpf.dansemeaux.com\/wp-content\/uploads\/2024\/08\/kit-chignon-300x300.jpg 300w, https:\/\/adpf.dansemeaux.com\/wp-content\/uploads\/2024\/08\/kit-chignon-150x150.jpg 150w, https:\/\/adpf.dansemeaux.com\/wp-content\/uploads\/2024\/08\/kit-chignon-768x768.jpg 768w\" sizes=\"auto, (max-width: 969px) 100vw, 969px\" \/><\/figure>\n\n\n\n<figure class=\"wp-block-image size-large is-style-rounded\"><img alt=\"\" loading=\"lazy\" decoding=\"async\" width=\"733\" height=\"421\" data-id=\"376\" src=\"https:\/\/adpf.dansemeaux.com\/wp-content\/uploads\/2024\/08\/Capture-decran-2024-08-13-195109.png\" alt=\"\" class=\"wp-image-376\" srcset=\"https:\/\/adpf.dansemeaux.com\/wp-content\/uploads\/2024\/08\/Capture-decran-2024-08-13-195109.png 733w, https:\/\/adpf.dansemeaux.com\/wp-content\/uploads\/2024\/08\/Capture-decran-2024-08-13-195109-300x172.png 300w\" sizes=\"auto, (max-width: 733px) 100vw, 733px\" \/><\/figure>\n<\/figure>\n<\/div><\/div>\n<\/div><\/div>\n\n\n\n<div class=\"wp-block-group\"><div class=\"wp-block-group__inner-container is-layout-constrained wp-block-group-is-layout-constrained\">\n<p><strong>En jazz, en contemporain, en street jazz et en com\u00e9die musicale<\/strong> : si la longueur et la nature des cheveux le permet, la queue de cheval est la coiffure attendue dans les cours. Ne pas h\u00e9siter non plus \u00e0 fixer les petits cheveux parfois rebelles \u00e0 l&rsquo;aide de pinces \u00e0 cheveux.<\/p>\n<\/div><\/div>\n\n\n\n<div class=\"wp-block-group\"><div class=\"wp-block-group__inner-container is-layout-constrained wp-block-group-is-layout-constrained\">\n<figure class=\"wp-block-gallery has-nested-images columns-default is-cropped wp-block-gallery-3 is-layout-flex wp-block-gallery-is-layout-flex\">\n<figure class=\"wp-block-image size-full is-style-rounded\"><img alt=\"\" loading=\"lazy\" decoding=\"async\" width=\"474\" height=\"436\" data-id=\"380\" src=\"https:\/\/adpf.dansemeaux.com\/wp-content\/uploads\/2024\/08\/queue-de-cheval.png\" alt=\"\" class=\"wp-image-380\" srcset=\"https:\/\/adpf.dansemeaux.com\/wp-content\/uploads\/2024\/08\/queue-de-cheval.png 474w, https:\/\/adpf.dansemeaux.com\/wp-content\/uploads\/2024\/08\/queue-de-cheval-300x276.png 300w\" sizes=\"auto, (max-width: 474px) 100vw, 474px\" \/><\/figure>\n\n\n\n<figure class=\"wp-block-image size-full is-style-rounded\"><img alt=\"\" loading=\"lazy\" decoding=\"async\" width=\"733\" height=\"421\" data-id=\"376\" src=\"https:\/\/adpf.dansemeaux.com\/wp-content\/uploads\/2024\/08\/Capture-decran-2024-08-13-195109.png\" alt=\"\" class=\"wp-image-376\" srcset=\"https:\/\/adpf.dansemeaux.com\/wp-content\/uploads\/2024\/08\/Capture-decran-2024-08-13-195109.png 733w, https:\/\/adpf.dansemeaux.com\/wp-content\/uploads\/2024\/08\/Capture-decran-2024-08-13-195109-300x172.png 300w\" sizes=\"auto, (max-width: 733px) 100vw, 733px\" \/><\/figure>\n<\/figure>\n<\/div><\/div>\n\n\n\n<p class=\"has-white-color has-light-green-cyan-background-color has-text-color has-background has-link-color has-medium-font-size wp-elements-0e22b9a87d70d834bdf95cc26dccf372\">Bijoux<\/p>\n\n\n\n<p>Les bijoux (boucles d&rsquo;oreilles, colliers, bagues, percing, etc) sont fortement d\u00e9conseill\u00e9s. Outre le risque de perte ou de casse, les bijoux peuvent se prendre dans une tenue ou une coiffure et entrainer une blessure.<\/p>\n\n\n\n<p>Si le professeur juge un bijou dangereux, il pourra demander \u00e0 l&rsquo;\u00e9l\u00e8ve de le retirer.<\/p>\n\n\n\n<p>Pour les repr\u00e9sentations, aucun bijou ne doit \u00eatre port\u00e9.<\/p>\n\n\n\n<p class=\"has-white-color has-light-green-cyan-background-color has-text-color has-background has-link-color has-medium-font-size wp-elements-9353a4d11ab7b41af5844d0dba393ac1\">Gourdes<\/p>\n\n\n\n<p>Pour tous les cours, il est conseill\u00e9 aux adh\u00e9rents de venir avec la leur (identifi\u00e9e pour les plus jeunes).<\/p>\n","protected":false},"excerpt":{"rendered":"<p>Les tenues Pour les \u00e9l\u00e8ves poss\u00e9dant un justaucorps avec jupette int\u00e9gr\u00e9e, celui-ci convient. Pour les cours des moyens et des avanc\u00e9s, la couleur du justaucorps est laiss\u00e9e libre mais la tenue doit \u00eatre appropri\u00e9e \u00e0 la discipline et en accord avec les demandes du professeur. Retrouvez ci-dessous les bons de commandes : Pour le street [&hellip;]<\/p>\n","protected":false},"author":2,"featured_media":0,"parent":0,"menu_order":0,"comment_status":"closed","ping_status":"closed","template":"","meta":{"_seopress_robots_primary_cat":"","_seopress_titles_title":"","_seopress_titles_desc":"","_seopress_robots_index":"","footnotes":""},"class_list":["post-232","page","type-page","status-publish","hentry"],"_links":{"self":[{"href":"https:\/\/adpf.dansemeaux.com\/index.php\/wp-json\/wp\/v2\/pages\/232","targetHints":{"allow":["GET"]}}],"collection":[{"href":"https:\/\/adpf.dansemeaux.com\/index.php\/wp-json\/wp\/v2\/pages"}],"about":[{"href":"https:\/\/adpf.dansemeaux.com\/index.php\/wp-json\/wp\/v2\/types\/page"}],"author":[{"embeddable":true,"href":"https:\/\/adpf.dansemeaux.com\/index.php\/wp-json\/wp\/v2\/users\/2"}],"replies":[{"embeddable":true,"href":"https:\/\/adpf.dansemeaux.com\/index.php\/wp-json\/wp\/v2\/comments?post=232"}],"version-history":[{"count":16,"href":"https:\/\/adpf.dansemeaux.com\/index.php\/wp-json\/wp\/v2\/pages\/232\/revisions"}],"predecessor-version":[{"id":754,"href":"https:\/\/adpf.dansemeaux.com\/index.php\/wp-json\/wp\/v2\/pages\/232\/revisions\/754"}],"wp:attachment":[{"href":"https:\/\/adpf.dansemeaux.com\/index.php\/wp-json\/wp\/v2\/media?parent=232"}],"curies":[{"name":"wp","href":"https:\/\/api.w.org\/{rel}","templated":true}]}}

<p class="has-white-color has-light-green-cyan-background-color has-text-color has-background has-link-color has-medium-font-size wp-elements-48f9c4b666488a69f38fc644cac6575a">Les tenues</p>



<figure class="wp-block-gallery has-nested-images columns-default is-cropped wp-block-gallery-1 is-layout-flex wp-block-gallery-is-layout-flex">
<figure class="wp-block-image size-large"><img alt="" loading="lazy" decoding="async" width="1024" height="724" data-id="616" src="https://adpf.dansemeaux.com/wp-content/uploads/2025/07/TENUES-2025-2026-sans-jupette-1024x724.png" alt="" class="wp-image-616" srcset="https://adpf.dansemeaux.com/wp-content/uploads/2025/07/TENUES-2025-2026-sans-jupette-1024x724.png 1024w, https://adpf.dansemeaux.com/wp-content/uploads/2025/07/TENUES-2025-2026-sans-jupette-300x212.png 300w, https://adpf.dansemeaux.com/wp-content/uploads/2025/07/TENUES-2025-2026-sans-jupette-768x543.png 768w, https://adpf.dansemeaux.com/wp-content/uploads/2025/07/TENUES-2025-2026-sans-jupette-1536x1086.png 1536w, https://adpf.dansemeaux.com/wp-content/uploads/2025/07/TENUES-2025-2026-sans-jupette.png 2000w" sizes="auto, (max-width: 1024px) 100vw, 1024px" /></figure>
</figure>



<p>Pour les élèves possédant un justaucorps avec jupette intégrée, celui-ci convient.</p>



<p>Pour les cours des moyens et des avancés, la couleur du justaucorps est laissée libre mais la tenue doit être appropriée à la discipline et en accord avec les demandes du professeur.</p>



<p>Retrouvez ci-dessous les bons de commandes :</p>



<ul class="wp-block-list">
<li>Eveil, initiation et classique : </li>
</ul>



<div class="wp-block-buttons is-layout-flex wp-block-buttons-is-layout-flex">
<div class="wp-block-button"><a class="wp-block-button__link wp-element-button" href="http://adpf.dansemeaux.com/wp-content/uploads/2025/09/FICHE-EVEIL-INIT-CLASSIQUE-1-1.pdf">bon de commande 1</a></div>
</div>



<ul class="wp-block-list">
<li>Jazz et contemporain : </li>
</ul>



<div class="wp-block-buttons is-layout-flex wp-block-buttons-is-layout-flex">
<div class="wp-block-button"><a class="wp-block-button__link wp-element-button" href="http://adpf.dansemeaux.com/wp-content/uploads/2025/09/FICHE-JAZZ-CONTEMPORAIN-1.pdf">bon de commande 2</a></div>
</div>



<p>Pour le street jazz, pas de tenue ni de couleur spécifique. Les élèves peuvent être en short/jogging et tee-shirt. Seules des baskets blanches avec semelles blanches (dédiées aux cours) sont demandées.</p>



<p>Pour la comédie musicale, une tenue confortable (celle des autres cours ou comme pour le street jazz) est conseillée.</p>



<p class="has-white-color has-light-green-cyan-background-color has-text-color has-background has-link-color has-medium-font-size wp-elements-684b6b0f6775fd20a656c06ec2a77e94">Les coiffures</p>



<p>Quelque soit la discipline, les cheveux doivent être attachés.</p>



<div class="wp-block-group"><div class="wp-block-group__inner-container is-layout-constrained wp-block-group-is-layout-constrained">
<p><strong>En éveil, initiation et classique</strong> : si la longueur et la nature des cheveux le permet, le chignon est la coiffure attendue dans les cours. Afin que celui-ci tienne, nous vous recommandons l&rsquo;utilisation d&rsquo;un filet (assorti à la couleur des cheveux) et de pinces à chignons. Ne pas hésiter non plus à fixer les petits cheveux parfois rebelles à l&rsquo;aide de pinces à cheveux.</p>
</div></div>



<div class="wp-block-group"><div class="wp-block-group__inner-container is-layout-constrained wp-block-group-is-layout-constrained">
<div class="wp-block-group"><div class="wp-block-group__inner-container is-layout-constrained wp-block-group-is-layout-constrained">
<figure class="wp-block-gallery has-nested-images columns-default is-cropped wp-block-gallery-2 is-layout-flex wp-block-gallery-is-layout-flex">
<figure class="wp-block-image size-large is-style-rounded"><img alt="" loading="lazy" decoding="async" width="980" height="780" data-id="327" src="https://adpf.dansemeaux.com/wp-content/uploads/2024/08/chignon.png" alt="" class="wp-image-327" srcset="https://adpf.dansemeaux.com/wp-content/uploads/2024/08/chignon.png 980w, https://adpf.dansemeaux.com/wp-content/uploads/2024/08/chignon-300x239.png 300w, https://adpf.dansemeaux.com/wp-content/uploads/2024/08/chignon-768x611.png 768w" sizes="auto, (max-width: 980px) 100vw, 980px" /></figure>



<figure class="wp-block-image size-large is-style-rounded"><img alt="" loading="lazy" decoding="async" width="969" height="969" data-id="325" src="https://adpf.dansemeaux.com/wp-content/uploads/2024/08/kit-chignon.jpg" alt="" class="wp-image-325" srcset="https://adpf.dansemeaux.com/wp-content/uploads/2024/08/kit-chignon.jpg 969w, https://adpf.dansemeaux.com/wp-content/uploads/2024/08/kit-chignon-300x300.jpg 300w, https://adpf.dansemeaux.com/wp-content/uploads/2024/08/kit-chignon-150x150.jpg 150w, https://adpf.dansemeaux.com/wp-content/uploads/2024/08/kit-chignon-768x768.jpg 768w" sizes="auto, (max-width: 969px) 100vw, 969px" /></figure>



<figure class="wp-block-image size-large is-style-rounded"><img alt="" loading="lazy" decoding="async" width="733" height="421" data-id="376" src="https://adpf.dansemeaux.com/wp-content/uploads/2024/08/Capture-decran-2024-08-13-195109.png" alt="" class="wp-image-376" srcset="https://adpf.dansemeaux.com/wp-content/uploads/2024/08/Capture-decran-2024-08-13-195109.png 733w, https://adpf.dansemeaux.com/wp-content/uploads/2024/08/Capture-decran-2024-08-13-195109-300x172.png 300w" sizes="auto, (max-width: 733px) 100vw, 733px" /></figure>
</figure>
</div></div>
</div></div>



<div class="wp-block-group"><div class="wp-block-group__inner-container is-layout-constrained wp-block-group-is-layout-constrained">
<p><strong>En jazz, en contemporain, en street jazz et en comédie musicale</strong> : si la longueur et la nature des cheveux le permet, la queue de cheval est la coiffure attendue dans les cours. Ne pas hésiter non plus à fixer les petits cheveux parfois rebelles à l&rsquo;aide de pinces à cheveux.</p>
</div></div>



<div class="wp-block-group"><div class="wp-block-group__inner-container is-layout-constrained wp-block-group-is-layout-constrained">
<figure class="wp-block-gallery has-nested-images columns-default is-cropped wp-block-gallery-3 is-layout-flex wp-block-gallery-is-layout-flex">
<figure class="wp-block-image size-full is-style-rounded"><img alt="" loading="lazy" decoding="async" width="474" height="436" data-id="380" src="https://adpf.dansemeaux.com/wp-content/uploads/2024/08/queue-de-cheval.png" alt="" class="wp-image-380" srcset="https://adpf.dansemeaux.com/wp-content/uploads/2024/08/queue-de-cheval.png 474w, https://adpf.dansemeaux.com/wp-content/uploads/2024/08/queue-de-cheval-300x276.png 300w" sizes="auto, (max-width: 474px) 100vw, 474px" /></figure>



<figure class="wp-block-image size-full is-style-rounded"><img alt="" loading="lazy" decoding="async" width="733" height="421" data-id="376" src="https://adpf.dansemeaux.com/wp-content/uploads/2024/08/Capture-decran-2024-08-13-195109.png" alt="" class="wp-image-376" srcset="https://adpf.dansemeaux.com/wp-content/uploads/2024/08/Capture-decran-2024-08-13-195109.png 733w, https://adpf.dansemeaux.com/wp-content/uploads/2024/08/Capture-decran-2024-08-13-195109-300x172.png 300w" sizes="auto, (max-width: 733px) 100vw, 733px" /></figure>
</figure>
</div></div>



<p class="has-white-color has-light-green-cyan-background-color has-text-color has-background has-link-color has-medium-font-size wp-elements-0e22b9a87d70d834bdf95cc26dccf372">Bijoux</p>



<p>Les bijoux (boucles d&rsquo;oreilles, colliers, bagues, percing, etc) sont fortement déconseillés. Outre le risque de perte ou de casse, les bijoux peuvent se prendre dans une tenue ou une coiffure et entrainer une blessure.</p>



<p>Si le professeur juge un bijou dangereux, il pourra demander à l&rsquo;élève de le retirer.</p>



<p>Pour les représentations, aucun bijou ne doit être porté.</p>



<p class="has-white-color has-light-green-cyan-background-color has-text-color has-background has-link-color has-medium-font-size wp-elements-9353a4d11ab7b41af5844d0dba393ac1">Gourdes</p>



<p>Pour tous les cours, il est conseillé aux adhérents de venir avec la leur (identifiée pour les plus jeunes).</p>

<p>Les tenues Pour les élèves possédant un justaucorps avec jupette intégrée, celui-ci convient. Pour les cours des moyens et des avancés, la couleur du justaucorps est laissée libre mais la tenue doit être appropriée à la discipline et en accord avec les demandes du professeur. Retrouvez ci-dessous les bons de commandes : Pour le street [&hellip;]</p>
