{"id":173,"date":"2024-05-01T16:34:21","date_gmt":"2024-05-01T14:34:21","guid":{"rendered":"https:\/\/adpf.dansemeaux.com\/?page_id=173"},"modified":"2026-02-09T10:33:22","modified_gmt":"2026-02-09T09:33:22","slug":"agenda","status":"publish","type":"page","link":"https:\/\/adpf.dansemeaux.com\/index.php\/agenda\/","title":{"rendered":"AGENDA"},"content":{"rendered":"\n<figure class=\"wp-block-image size-large\"><img alt=\"\" loading=\"lazy\" decoding=\"async\" width=\"724\" height=\"1024\" src=\"https:\/\/adpf.dansemeaux.com\/wp-content\/uploads\/2025\/11\/WhatsApp-Image-2025-10-22-at-11.56.10-724x1024.jpeg\" alt=\"\" class=\"wp-image-765\" srcset=\"https:\/\/adpf.dansemeaux.com\/wp-content\/uploads\/2025\/11\/WhatsApp-Image-2025-10-22-at-11.56.10-724x1024.jpeg 724w, https:\/\/adpf.dansemeaux.com\/wp-content\/uploads\/2025\/11\/WhatsApp-Image-2025-10-22-at-11.56.10-212x300.jpeg 212w, https:\/\/adpf.dansemeaux.com\/wp-content\/uploads\/2025\/11\/WhatsApp-Image-2025-10-22-at-11.56.10-768x1086.jpeg 768w, https:\/\/adpf.dansemeaux.com\/wp-content\/uploads\/2025\/11\/WhatsApp-Image-2025-10-22-at-11.56.10-1087x1536.jpeg 1087w, https:\/\/adpf.dansemeaux.com\/wp-content\/uploads\/2025\/11\/WhatsApp-Image-2025-10-22-at-11.56.10-1200x1696.jpeg 1200w, https:\/\/adpf.dansemeaux.com\/wp-content\/uploads\/2025\/11\/WhatsApp-Image-2025-10-22-at-11.56.10.jpeg 1415w\" sizes=\"auto, (max-width: 724px) 100vw, 724px\" \/><\/figure>\n\n\n\n<p><mark style=\"background-color:rgba(0, 0, 0, 0)\" class=\"has-inline-color has-vivid-red-color\"><strong>Stages f\u00e9vrier 2026<\/strong><\/mark> : inscriptions via le lien helloasso ci-dessous.<\/p>\n\n\n\n<div class=\"wp-block-buttons is-layout-flex wp-block-buttons-is-layout-flex\">\n<div class=\"wp-block-button\"><a class=\"wp-block-button__link wp-element-button\" href=\"https:\/\/www.helloasso.com\/associations\/academie-de-danse-passion-et-formation\/evenements\/stage-de-danse-fevrier-2026\">inscription stage<\/a><\/div>\n<\/div>\n\n\n\n<figure class=\"wp-block-gallery has-nested-images columns-default is-cropped wp-block-gallery-1 is-layout-flex wp-block-gallery-is-layout-flex\"><\/figure>\n\n\n\n<figure class=\"wp-block-gallery has-nested-images columns-default is-cropped wp-block-gallery-2 is-layout-flex wp-block-gallery-is-layout-flex\">\n<figure class=\"wp-block-image size-large\"><img alt=\"\" loading=\"lazy\" decoding=\"async\" width=\"724\" height=\"1024\" data-id=\"799\" src=\"https:\/\/adpf.dansemeaux.com\/wp-content\/uploads\/2026\/02\/WhatsApp-Image-2026-01-28-at-10.28.40-1-724x1024.jpeg\" alt=\"\" class=\"wp-image-799\" srcset=\"https:\/\/adpf.dansemeaux.com\/wp-content\/uploads\/2026\/02\/WhatsApp-Image-2026-01-28-at-10.28.40-1-724x1024.jpeg 724w, https:\/\/adpf.dansemeaux.com\/wp-content\/uploads\/2026\/02\/WhatsApp-Image-2026-01-28-at-10.28.40-1-212x300.jpeg 212w, https:\/\/adpf.dansemeaux.com\/wp-content\/uploads\/2026\/02\/WhatsApp-Image-2026-01-28-at-10.28.40-1-768x1086.jpeg 768w, https:\/\/adpf.dansemeaux.com\/wp-content\/uploads\/2026\/02\/WhatsApp-Image-2026-01-28-at-10.28.40-1-1086x1536.jpeg 1086w, https:\/\/adpf.dansemeaux.com\/wp-content\/uploads\/2026\/02\/WhatsApp-Image-2026-01-28-at-10.28.40-1.jpeg 1131w\" sizes=\"auto, (max-width: 724px) 100vw, 724px\" \/><\/figure>\n\n\n\n<figure class=\"wp-block-image size-large\"><img alt=\"\" loading=\"lazy\" decoding=\"async\" width=\"819\" height=\"1024\" data-id=\"797\" src=\"https:\/\/adpf.dansemeaux.com\/wp-content\/uploads\/2026\/02\/WhatsApp-Image-2026-02-07-at-11.46.35-1-819x1024.jpeg\" alt=\"\" class=\"wp-image-797\" srcset=\"https:\/\/adpf.dansemeaux.com\/wp-content\/uploads\/2026\/02\/WhatsApp-Image-2026-02-07-at-11.46.35-1-819x1024.jpeg 819w, https:\/\/adpf.dansemeaux.com\/wp-content\/uploads\/2026\/02\/WhatsApp-Image-2026-02-07-at-11.46.35-1-240x300.jpeg 240w, https:\/\/adpf.dansemeaux.com\/wp-content\/uploads\/2026\/02\/WhatsApp-Image-2026-02-07-at-11.46.35-1-768x960.jpeg 768w, https:\/\/adpf.dansemeaux.com\/wp-content\/uploads\/2026\/02\/WhatsApp-Image-2026-02-07-at-11.46.35-1.jpeg 1080w\" sizes=\"auto, (max-width: 819px) 100vw, 819px\" \/><\/figure>\n\n\n\n<figure class=\"wp-block-image size-large\"><img alt=\"\" loading=\"lazy\" decoding=\"async\" width=\"819\" height=\"1024\" data-id=\"798\" src=\"https:\/\/adpf.dansemeaux.com\/wp-content\/uploads\/2026\/02\/WhatsApp-Image-2026-02-08-at-09.29.14-1-819x1024.jpeg\" alt=\"\" class=\"wp-image-798\" srcset=\"https:\/\/adpf.dansemeaux.com\/wp-content\/uploads\/2026\/02\/WhatsApp-Image-2026-02-08-at-09.29.14-1-819x1024.jpeg 819w, https:\/\/adpf.dansemeaux.com\/wp-content\/uploads\/2026\/02\/WhatsApp-Image-2026-02-08-at-09.29.14-1-240x300.jpeg 240w, https:\/\/adpf.dansemeaux.com\/wp-content\/uploads\/2026\/02\/WhatsApp-Image-2026-02-08-at-09.29.14-1-768x960.jpeg 768w, https:\/\/adpf.dansemeaux.com\/wp-content\/uploads\/2026\/02\/WhatsApp-Image-2026-02-08-at-09.29.14-1.jpeg 1080w\" sizes=\"auto, (max-width: 819px) 100vw, 819px\" \/><\/figure>\n<\/figure>\n\n\n\n<figure class=\"wp-block-image size-large\"><img alt=\"\" loading=\"lazy\" decoding=\"async\" width=\"724\" height=\"1024\" src=\"https:\/\/adpf.dansemeaux.com\/wp-content\/uploads\/2026\/02\/WhatsApp-Image-2026-01-20-at-14.48.27-724x1024.jpeg\" alt=\"\" class=\"wp-image-791\" srcset=\"https:\/\/adpf.dansemeaux.com\/wp-content\/uploads\/2026\/02\/WhatsApp-Image-2026-01-20-at-14.48.27-724x1024.jpeg 724w, https:\/\/adpf.dansemeaux.com\/wp-content\/uploads\/2026\/02\/WhatsApp-Image-2026-01-20-at-14.48.27-212x300.jpeg 212w, https:\/\/adpf.dansemeaux.com\/wp-content\/uploads\/2026\/02\/WhatsApp-Image-2026-01-20-at-14.48.27-768x1086.jpeg 768w, https:\/\/adpf.dansemeaux.com\/wp-content\/uploads\/2026\/02\/WhatsApp-Image-2026-01-20-at-14.48.27-1086x1536.jpeg 1086w, https:\/\/adpf.dansemeaux.com\/wp-content\/uploads\/2026\/02\/WhatsApp-Image-2026-01-20-at-14.48.27.jpeg 1131w\" sizes=\"auto, (max-width: 724px) 100vw, 724px\" \/><\/figure>\n\n\n\n<p><mark style=\"background-color:rgba(0, 0, 0, 0)\" class=\"has-inline-color has-vivid-red-color\"><strong>Samedi 4 octobre 2025<\/strong><\/mark> : participation \u00e0 l&rsquo;\u00e9v\u00e8nement \u00ab\u00a0Octobre Rose\u00a0\u00bb organis\u00e9 par Villenoy.<\/p>\n\n\n\n<p><mark style=\"background-color:rgba(0, 0, 0, 0)\" class=\"has-inline-color has-vivid-red-color\"><strong>Lundi 15 septembre 2025<\/strong><\/mark> : reprise des cours<\/p>\n\n\n\n<p><strong><mark style=\"background-color:rgba(0, 0, 0, 0)\" class=\"has-inline-color has-vivid-red-color\">Samedi 13 et Dimanche 14 septembre 2025<\/mark><\/strong> : Cultur&rsquo;A Meaux<\/p>\n\n\n\n<p><mark style=\"background-color:rgba(0, 0, 0, 0)\" class=\"has-inline-color has-vivid-red-color\"><strong>Dimanche 7 septembre 2025 <\/strong><\/mark>: forum des associations de Villenoy<\/p>\n\n\n\n<p><mark style=\"background-color:rgba(0, 0, 0, 0)\" class=\"has-inline-color has-vivid-red-color\"><strong>Samedi 6 septembre 2025<\/strong><\/mark>  : inscriptions au studio de 14h \u00e0 18h pour les \u00e9l\u00e8ves pr\u00e9-inscrits<\/p>\n\n\n\n<p><\/p>\n\n\n\n<p><\/p>\n\n\n\n<p><\/p>\n\n\n\n<p><\/p>\n\n\n\n<p><\/p>\n\n\n\n<p><\/p>\n\n\n\n<p><\/p>\n\n\n\n<p><\/p>\n","protected":false},"excerpt":{"rendered":"<p>Stages f\u00e9vrier 2026 : inscriptions via le lien helloasso ci-dessous. Samedi 4 octobre 2025 : participation \u00e0 l&rsquo;\u00e9v\u00e8nement \u00ab\u00a0Octobre Rose\u00a0\u00bb organis\u00e9 par Villenoy. Lundi 15 septembre 2025 : reprise des cours Samedi 13 et Dimanche 14 septembre 2025 : Cultur&rsquo;A Meaux Dimanche 7 septembre 2025 : forum des associations de Villenoy Samedi 6 septembre 2025 [&hellip;]<\/p>\n","protected":false},"author":2,"featured_media":0,"parent":0,"menu_order":0,"comment_status":"closed","ping_status":"closed","template":"","meta":{"_seopress_robots_primary_cat":"","_seopress_titles_title":"","_seopress_titles_desc":"","_seopress_robots_index":"","footnotes":""},"class_list":["post-173","page","type-page","status-publish","hentry"],"_links":{"self":[{"href":"https:\/\/adpf.dansemeaux.com\/index.php\/wp-json\/wp\/v2\/pages\/173","targetHints":{"allow":["GET"]}}],"collection":[{"href":"https:\/\/adpf.dansemeaux.com\/index.php\/wp-json\/wp\/v2\/pages"}],"about":[{"href":"https:\/\/adpf.dansemeaux.com\/index.php\/wp-json\/wp\/v2\/types\/page"}],"author":[{"embeddable":true,"href":"https:\/\/adpf.dansemeaux.com\/index.php\/wp-json\/wp\/v2\/users\/2"}],"replies":[{"embeddable":true,"href":"https:\/\/adpf.dansemeaux.com\/index.php\/wp-json\/wp\/v2\/comments?post=173"}],"version-history":[{"count":27,"href":"https:\/\/adpf.dansemeaux.com\/index.php\/wp-json\/wp\/v2\/pages\/173\/revisions"}],"predecessor-version":[{"id":800,"href":"https:\/\/adpf.dansemeaux.com\/index.php\/wp-json\/wp\/v2\/pages\/173\/revisions\/800"}],"wp:attachment":[{"href":"https:\/\/adpf.dansemeaux.com\/index.php\/wp-json\/wp\/v2\/media?parent=173"}],"curies":[{"name":"wp","href":"https:\/\/api.w.org\/{rel}","templated":true}]}}