{"id":117,"date":"2023-09-08T19:39:46","date_gmt":"2023-09-08T17:39:46","guid":{"rendered":"https:\/\/adpf.dansemeaux.com\/?page_id=117"},"modified":"2026-03-17T09:24:45","modified_gmt":"2026-03-17T08:24:45","slug":"eveil-et-initiation-a-la-danse","status":"publish","type":"page","link":"https:\/\/adpf.dansemeaux.com\/index.php\/eveil-et-initiation-a-la-danse\/","title":{"rendered":"Eveil et initiation \u00e0 la danse"},"content":{"rendered":"\n<p class=\"has-white-color has-luminous-vivid-amber-background-color has-text-color has-background has-medium-font-size\">Qu&rsquo;est ce que l&rsquo;\u00e9veil \u00e0 la danse ?&nbsp;<\/p>\n\n\n\n<p>A l\u2019\u00e2ge de toutes les d\u00e9couvertes, de la m\u00e9moire corporelle \u00e0 la structuration de la pens\u00e9e, l\u2019\u00e9veil incite l\u2019enfant \u00e0 apprendre de fa\u00e7on ludique. On y travaille les diff\u00e9rents th\u00e8mes fondamentaux tels que l\u2019\u00e9quilibre, les sauts, les tours, la relation avec l\u2019autre, la lat\u00e9ralit\u00e9\u2026La musique contribuera aussi \u00e0 r\u00e9v\u00e9ler la cr\u00e9ativit\u00e9 de l\u2019enfant.<\/p>\n\n\n\n<p class=\"has-white-color has-luminous-vivid-amber-background-color has-text-color has-background has-medium-font-size\">A partir de quel \u00e2ge peut on venir prendre ses premier cours de danse ?<\/p>\n\n\n\n<p>A partir de 4 ans, gar\u00e7ons et filles peuvent venir apprendre \u00e0 danser. Il s&rsquo;agit de cours d&rsquo;\u00e9veil.&nbsp;<\/p>\n\n\n\n<p class=\"has-white-color has-luminous-vivid-amber-background-color has-text-color has-background has-medium-font-size\">Que faire a la fin de son ann\u00e9e d\u2019\u00c9veil?<\/p>\n\n\n\n<p>Apr\u00e8s la d\u00e9couverte de son corps, l\u2019enfant sera capable de comprendre et de m\u00e9moriser les premi\u00e8res bases techniques de la danse classique et moderne. Le travail est plus pr\u00e9cis, plus structur\u00e9 (corps, espace, temps). On continuera \u00e0 stimuler l\u2019imagination de fa\u00e7on \u00e0 d\u00e9velopper le sens artistique de l\u2019enfant. Le tout \u00e0 partir d&rsquo;exercices ludiques.&nbsp;<\/p>\n\n\n\n<p class=\"has-white-color has-luminous-vivid-amber-background-color has-text-color has-background has-medium-font-size\">Quand sont les cours ?<\/p>\n\n\n\n<p>\u2022 Mercredi <\/p>\n\n\n\n<p>Initiation : 13h00 \u00e0 14h00<\/p>\n\n\n\n<hr class=\"wp-block-separator has-alpha-channel-opacity\"\/>\n\n\n\n<p>\u2022 Samedi<\/p>\n\n\n\n<p>Eveil &#8211; 10h00 &#8211; 11h00<\/p>\n\n\n\n<p>Initiation &#8211; 11h00 &#8211; 12h00<\/p>\n\n\n\n<p><\/p>\n","protected":false},"excerpt":{"rendered":"<p>Qu&rsquo;est ce que l&rsquo;\u00e9veil \u00e0 la danse ?&nbsp; A l\u2019\u00e2ge de toutes les d\u00e9couvertes, de la m\u00e9moire corporelle \u00e0 la structuration de la pens\u00e9e, l\u2019\u00e9veil incite l\u2019enfant \u00e0 apprendre de fa\u00e7on ludique. On y travaille les diff\u00e9rents th\u00e8mes fondamentaux tels que l\u2019\u00e9quilibre, les sauts, les tours, la relation avec l\u2019autre, la lat\u00e9ralit\u00e9\u2026La musique contribuera aussi [&hellip;]<\/p>\n","protected":false},"author":2,"featured_media":0,"parent":0,"menu_order":0,"comment_status":"closed","ping_status":"closed","template":"","meta":{"_seopress_robots_primary_cat":"","_seopress_titles_title":"","_seopress_titles_desc":"","_seopress_robots_index":"","footnotes":""},"class_list":["post-117","page","type-page","status-publish","hentry"],"_links":{"self":[{"href":"https:\/\/adpf.dansemeaux.com\/index.php\/wp-json\/wp\/v2\/pages\/117","targetHints":{"allow":["GET"]}}],"collection":[{"href":"https:\/\/adpf.dansemeaux.com\/index.php\/wp-json\/wp\/v2\/pages"}],"about":[{"href":"https:\/\/adpf.dansemeaux.com\/index.php\/wp-json\/wp\/v2\/types\/page"}],"author":[{"embeddable":true,"href":"https:\/\/adpf.dansemeaux.com\/index.php\/wp-json\/wp\/v2\/users\/2"}],"replies":[{"embeddable":true,"href":"https:\/\/adpf.dansemeaux.com\/index.php\/wp-json\/wp\/v2\/comments?post=117"}],"version-history":[{"count":9,"href":"https:\/\/adpf.dansemeaux.com\/index.php\/wp-json\/wp\/v2\/pages\/117\/revisions"}],"predecessor-version":[{"id":802,"href":"https:\/\/adpf.dansemeaux.com\/index.php\/wp-json\/wp\/v2\/pages\/117\/revisions\/802"}],"wp:attachment":[{"href":"https:\/\/adpf.dansemeaux.com\/index.php\/wp-json\/wp\/v2\/media?parent=117"}],"curies":[{"name":"wp","href":"https:\/\/api.w.org\/{rel}","templated":true}]}}

Eveil et initiation à la danse

<p class="has-white-color has-luminous-vivid-amber-background-color has-text-color has-background has-medium-font-size">Qu&rsquo;est ce que l&rsquo;éveil à la danse ?&nbsp;</p>



<p>A l’âge de toutes les découvertes, de la mémoire corporelle à la structuration de la pensée, l’éveil incite l’enfant à apprendre de façon ludique. On y travaille les différents thèmes fondamentaux tels que l’équilibre, les sauts, les tours, la relation avec l’autre, la latéralité…La musique contribuera aussi à révéler la créativité de l’enfant.</p>



<p class="has-white-color has-luminous-vivid-amber-background-color has-text-color has-background has-medium-font-size">A partir de quel âge peut on venir prendre ses premier cours de danse ?</p>



<p>A partir de 4 ans, garçons et filles peuvent venir apprendre à danser. Il s&rsquo;agit de cours d&rsquo;éveil.&nbsp;</p>



<p class="has-white-color has-luminous-vivid-amber-background-color has-text-color has-background has-medium-font-size">Que faire a la fin de son année d’Éveil?</p>



<p>Après la découverte de son corps, l’enfant sera capable de comprendre et de mémoriser les premières bases techniques de la danse classique et moderne. Le travail est plus précis, plus structuré (corps, espace, temps). On continuera à stimuler l’imagination de façon à développer le sens artistique de l’enfant. Le tout à partir d&rsquo;exercices ludiques.&nbsp;</p>



<p class="has-white-color has-luminous-vivid-amber-background-color has-text-color has-background has-medium-font-size">Quand sont les cours ?</p>



<p>• Mercredi </p>



<p>Initiation : 13h00 à 14h00</p>



<hr class="wp-block-separator has-alpha-channel-opacity"/>



<p>• Samedi</p>



<p>Eveil &#8211; 10h00 &#8211; 11h00</p>



<p>Initiation &#8211; 11h00 &#8211; 12h00</p>



<p></p>

<p>Qu&rsquo;est ce que l&rsquo;éveil à la danse ?&nbsp; A l’âge de toutes les découvertes, de la mémoire corporelle à la structuration de la pensée, l’éveil incite l’enfant à apprendre de façon ludique. On y travaille les différents thèmes fondamentaux tels que l’équilibre, les sauts, les tours, la relation avec l’autre, la latéralité…La musique contribuera aussi [&hellip;]</p>
